2. Give d(z).
-6
Let a(s) = s**3 + 9*s**2 - 2*s - 12. Let l(u) = 4*u**3 + 27*u**2 - 7*u - 36. Let h(c) = 7*a(c) - 2*l(c). Determine h(9).
-12
Let d(p) = p - 3. Suppose -5 - 19 = -4*k. Give d(k).
3
Let u(y) be the first derivative of 2*y**3/3 + 3*y**2/2 - 3*y - 2. Suppose -4*a + 8*a - 12 = 0, 107 = -4*d + 5*a. Let f be d/7 - 2/(-7). Give u(f).
6
Let k(g) = 2*g**3 - g - 2. Let m(u) = 2*u**3 - 2*u - 3. Let s(r) = 3*k(r) - 2*m(r). Determine s(-1).
-3
Let w(c) = -2*c**2 - c**3 - 5*c - 7 + c**2 - 5*c**2. Give w(-5).
-7
Let i(m) = -7*m**3 - 8*m**2 - 5*m - 13. Let c(g) = 3*g**3 + 4*g**2 + 2*g + 6. Let f(v) = 9*c(v) + 4*i(v). What is f(3)?
5
Let r = 6 - 4. Suppose 2 = 3*x - 13. Let w(a) = 4 + 0 - 6 + x*a. Give w(r).
8
Let v(y) = 21*y**2 + 5*y + 11. Let r(s) be the second derivative of s**4/3 + s**3/6 + s**2 + 2*s. Let n(w) = 11*r(w) - 2*v(w). What is n(-2)?
6
Let h(q) = 10*q - 1. Let a(w) = -w**2 + 4. Let k be a(0). Suppose c = 3*c - x, 0 = k*c + 4*x - 12. Give h(c).
9
Suppose 4*b - 20 = -5*l, -l + 0*b = b - 3. Suppose 0 = 3*j - 7 - l. Let n(p) = -j*p + 3*p + 3*p - 4*p**2. Determine n(-1).
-5
Let s(x) = -x**2 + 6*x - 6. Let b be (-12)/(-4) + (-8)/1. Let l = -2 + 5. Let w be 14/l + b/(-15). Calculate s(w).
-1
Let v(k) = k**3 - 7*k**2 + 7*k - 6. Let i be v(6). Let y = i + -2. Let r(s) = -3*s - 3*s - 1 - 4*s**2 - 2*s**3 + s + 2*s. Give r(y).
5
Let m(t) = 3*t**2 + t - 4. Let u(q) = -4*q**2 - q + 5. Let h(v) = 5*m(v) + 4*u(v). Determine h(4).
-12
Suppose -26 = -2*a - 2. Suppose 0*h = -4*j - 2*h - a, 2*j + 5*h + 6 = 0. Let p(o) = o**3 + 3*o**2 - o + 4. What is p(j)?
7
Let c(y) = y + 1. Let r(v) = -2. Let b(u) = -3*c(u) - r(u). Suppose 46 = 5*k - 34. Let g be (2/4)/((-4)/k). Give b(g).
5
Let p be (-3)/1 + 0 + -1 + 6. Let f(v) be the first derivative of -2 + 1/3*v**3 + 3*v + 5/2*v**p. What is f(-4)?
-1
Let a = -9 + 9. Let m(u) be the second derivative of u**3/6 + 3*u**2/2 + u. Let d be m(a). Let v(k) = 2*k - 2. Give v(d).
4
Let z be (-3 + -2 + 1)*1. Let a be ((-3)/5)/((-2)/10). Let g(k) = 3 + a*k + 0 + 1. Calculate g(z).
-8
Let q be (-1 + 1 + -3)/(1 + 0). Let s(y) be the third derivative of -y**6/120 - y**5/60 + y**4/8 + y**2. Give s(q).
9
Let y(i) = -20*i - 19*i + 10 + 40*i. Calculate y(0).
10
Let g(s) = -s - 1. Let n be g(-3). Let h(f) = -n - 6*f**2 - f**3 - 7*f**2 + f + 11*f**2. Suppose 0 = 2*u - 0*u + 6. Give h(u).
4
Let k(t) = t**2 + 3*t + 2. Let z = -27 - -22. Determine k(z).
12
Let a(t) = -7*t - 7 + 19 - 9 - t**2. Determine a(-8).
-5
Let l be -4 + (1 - -3 - 0) - -3. Let n(w) = -w**3 + 4*w**2 - 4*w - 1. Calculate n(l).
-4
Let d(i) = 5*i**2 - 2*i - 1. Let q(m) be the first derivative of m**4/4 - 8*m**3/3 - 9*m**2/2 - m + 2. Let n be q(9). What is d(n)?
6
Let l(h) = -4*h + 2*h + 2*h - 4 - 3*h. Calculate l(-3).
5
Suppose 5*n + 10 = -0*n. Let k be 4/6 - n/(-3). Let d(g) = -g**2 + g + 3. What is d(k)?
3
Let n(p) = 5*p**3 + 6*p**2 + 12*p - 14. Let y(u) = -6*u**3 - 5*u**2 - 13*u + 15. Let m(q) = -5*n(q) - 4*y(q). Determine m(-9).
1
Let g(t) be the second derivative of t**8/6720 - t**7/420 + t**6/144 - t**5/24 + 7*t**4/12 - 3*t. Let j(o) be the third derivative of g(o). What is j(5)?
-5
Let p(z) = z**3 - 4*z**2 + 5*z - 3. Let h(b) = -b**3 + 7*b**2 - 7*b + 6. Let f be h(6). Suppose -4*q = 3*r - 0*q - 13, f = -r - 4*q + 7. What is p(r)?
3
Suppose -v + 6*l = 2*l - 18, -16 = 4*l. Let h(q) = -q + 7. Let p be h(6). Let n(t) = p - v - t + 5. Give n(4).
0
Let s(w) = -6*w**2 - 3*w. Let b be s(-1). Let d(j) = j + 5. What is d(b)?
2
Let a(d) = 1 - 4*d + d - 2 + 2*d. Let r(q) = -q. Let z(g) = a(g) + 2*r(g). Give z(2).
-7
Suppose -4*m = y + y - 30, -2*y + 3*m = 5. Let k(q) = q - 5. Determine k(y).
0
Let x(i) be the second derivative of i**3/3 - i**2/2 + 2*i - 16. Let n be (1/2)/((-1)/2). What is x(n)?
-3
Let c(f) be the second derivative of f**5/20 + 2*f**4/3 + 2*f**2 + 45*f. Give c(-8).
4
Let k(s) = -2*s + 6 + 0*s - s. Let n(r) = r**2 + r. Let l be n(0). Suppose -4*h + l*h + 16 = 0. Calculate k(h).
-6
Let u(y) be the second derivative of 3*y**5/10 + y**4/6 - y**2/2 + 6*y. Let v be (-1)/((-2)/2 + 0). Determine u(v).
7
Let o(a) = -2*a**3 + 3*a**2 + 8*a - 6. Let w(h) = -5*h**3 + 5*h**2 + 17*h - 13. Let u(x) = 7*o(x) - 3*w(x). Let g = 6 - 11. What is u(g)?
-3
Let y = -9 + 7. Let c be 1*(-1 - y)*2. Suppose 0 = -s + c. Let r(n) = n**3 - 3*n**2 + 3*n. What is r(s)?
2
Let y(l) be the first derivative of 3*l**4/4 - 4*l**3/3 + l**2 + l - 2. Let f = 0 + -13. Let m = f + 15. What is y(m)?
13
Let z(s) = -s**2 - s. Let j(y) = -6*y**3 + 8*y**2 + 6*y - 1. Let m(o) = -j(o) - 6*z(o). Give m(1).
5
Suppose -d + 4 - 7 = 0. Let f = 5 + d. Let o(n) = -n + 2 + f - 2. What is o(-5)?
7
Let h(a) be the third derivative of -a**4/12 + a**3/3 + 20*a**2. What is h(7)?
-12
Let m(v) = -6*v**2 - 2*v + 1. Let t = 9 - 7. Suppose -3*q - 6 = -t*q. Let x(z) = z + 7. Let u be x(q). Give m(u).
-7
Let z(t) = -3*t**2 - 11*t - 2. Let i(g) = -7*g**2 - 23*g - 4. Let b(h) = 4*i(h) - 9*z(h). Give b(6).
8
Let q(g) be the first derivative of 5*g**3/3 + g + 2. Determine q(-1).
6
Let w(x) = x**3 + 11*x**2 + 9*x - 4. Suppose 8*i + 4*i + 120 = 0. What is w(i)?
6
Let s(b) = b - 1. Let w(o) = 2*o - 2. Let m(a) = s(a) + w(a). Let d(x) be the first derivative of x**3/3 + 7*x**2/2 + 2*x - 1. Let z be d(-7). Determine m(z).
3
Let x(q) = q**3 + 4*q**2 + 5. Suppose -4*s = -9*s. Suppose 5*z + 0*z + 20 = s. Calculate x(z).
5
Let o(x) = -x + 2. Let q be (-1)/(2/8*-2). Suppose -q = -j - 7. Determine o(j).
7
Let b(t) = -3*t + 2*t - 6 + 6. Determine b(-2).
2
Suppose -2*t = 2*u - t, -4*t + 18 = -u. Let z(l) = -l**2 - l - 3. Let p(r) = r**2 + r + 1. Let j(c) = -2*p(c) - z(c). What is j(u)?
-1
Let d(n) be the second derivative of n**8/6720 - n**7/630 + n**6/240 + n**5/30 - n**4/4 + 4*n. Let t(q) be the third derivative of d(q). Calculate t(3).
4
Let v(y) be the second derivative of -y**4/12 - 7*y**3/6 - y**2 + 16*y. Give v(-6).
4
Let j = -2 + 1. Let q(z) = 7*z**2 + 9 - 9 + z. What is q(j)?
6
Let z(o) = 3 - 55*o + 102*o - 48*o. What is z(8)?
-5
Let d(i) = -13*i**3 + i**2 + i - 1. Let p be -2 + 9*4/12. Determine d(p).
-12
Suppose -5*g - 18 + 3 = 0. Let u(z) = -z**2 - 2*z + 2. Give u(g).
-1
Let y(m) = -m**3 - 2*m**2 + 2*m + 1. Let b be y(-3). Let r(w) = w**3 - 4*w**2 + 2. Determine r(b).
2
Let z(v) = 7 - 5*v - 11 + v + v**2 + 2*v. Determine z(3).
-1
Let u(i) = -34*i - 2 + 29*i + 4*i. Give u(4).
-6
Let c(d) = -14*d**2 - 14*d - 6. Let r(v) = -15*v**2 - 12*v - 5. Let o(z) = -6*c(z) + 7*r(z). Give o(1).
-20
Suppose -3 = h - 2*h. Let k(q) = 6 + h - 3 + 2*q. What is k(-4)?
-2
Suppose -5*p + 23 = -2. Let h be 1/(-2) + (-22)/4. Let j(t) = -3*t - 5. Let i(b) = -b - 2. Let f(d) = h*j(d) + 17*i(d). Calculate f(p).
1
Let g(k) = 10*k + 9*k + 5*k - 7*k. What is g(-1)?
-17
Suppose -2*q - 1 + 17 = 0. Let j(u) = u**3 - 7*u**2 - 7*u - 3. Determine j(q).
5
Let h(z) = 0 + 4*z - z**3 - 2*z**2 + 3*z**2 - 4. Suppose -32 = 4*u - j, 0 = -5*j + j + 16. Let d = -4 - u. What is h(d)?
-10
Let t(s) = s**2 - 3*s - 1. Let u(c) = c**2 + 2*c - 1. Let m be u(-3). Suppose -2*f + 4 = -2*p, -3*f + m*p - 12 = 5*p. Let b be 1/(f/(6/(-2))). What is t(b)?
-1
Let y(d) = 5*d**2 - 5*d - 6*d + 10*d. Let b be y(1). Let f be 14/b - 1/2. Let i(k) = k. Calculate i(f).
3
Let w(v) = 15*v + 1. Suppose 4*y + b = -5, -1 = -y + 5*b + 3. Calculate w(y).
-14
Let f = 7 - 17. Let q be (-5)/f*(11 + -1). Suppose q + 7 = -2*h. Let y(s) = s + 5. Calculate y(h).
-1
Let q(x) = 5*x**2 + 7*x. Let h(t) = -t**2 - t. Let j(k) = -6*h(k) - q(k). Let m(v) = -4*v**2 + 2*v - 4. Let f(s) = -5*j(s) - m(s). Give f(4).
0
Suppose 1 = 2*s - 3. Let t(m) = -3*m + s*m + 0*m - 1 - m**2. Give t(-3).
-7
Let o = 1 - -1. Suppose -4*f - 4 = o*x, -1 - 30 = -4*x + 5*f. Let z(m) = -3*m + 0 + 5*m**2 - m - 4*m**2 - x. Calculate z(5).
1
Let a(t) = 8*t + 5. Let z(o) be the third derivative of 7*o**4/24 + 2*o**3/3 + 2*o**2. Let k(h) = -5*a(h) + 6*z(h). Determine k(-3).
-7
Let w = 15 - 17. Let s(l) = -l**2 - l - 1. Determine s(w).
-3
Suppose 0 = -0*o - 4*o. Suppose 6 + o = 2*x. Let n(c) = -2*c + 1. What is n(x)?
-5
Let y(k) be the second derivative of -k**5/20 - k**4/6 + k**3/3 + 2*k**2 + 6*k. Determine y(-3).
7
Let p(x) = -8*x**3 + 3*x**3 + 4*x**3 + 9*x**3 - 1. Let u(a) = a + 1. Let c be u(1). Let z be 0/2 + 2/c. What is p(z)?
7
Let v = 1